).
-42
Suppose 5*b = 4*v - 19, 3*v + 2*v - b = 8. Let k be (0*3/(-15))/v. Let f(w) = 7 + 2*w - w - 2*w. Calculate f(k).
7
Let o(g) = -g**3 + g**2 + 2*g. Let n = -36 + -16. Let v = n - -50. Give o(v).
8
Let w(t) = t - 7. Suppose -3*i - 4*v = 0, -4*i = -0*i + 2*v - 10. Let z(p) = -2*p + 8. Let o be z(i). What is w(o)?
-7
Let g(b) be the third derivative of -b**4/6 + 5*b**3/6 - 25*b**2. Calculate g(2).
-3
Let g(s) = -9*s**2 - 5*s - 1. Let h(k) = -2*k**2 + k + 1. Let x(i) = -g(i) + 4*h(i). Determine x(-9).
5
Let y(d) be the first derivative of 1/2*d**2 + d - 19. What is y(2)?
3
Let o(f) = -f**2 + 3. Let r = -34 - -37. Let u be o(r). Let b(k) = -k**3 - 7*k**2 - 6*k + 5. What is b(u)?
5
Let y(l) = -2*l**2 + l + 2. Let s(w) = w**3 + 2*w**2 - 10*w + 7. Let f be s(3). Let c = f + -19. Calculate y(c).
-13
Let l(z) = -z**2 - 3*z + 7. Let h(n) = n + 25. Let d(t) = t + 26. Let x(g) = 4*d(g) - 5*h(g). Let i be x(-16). What is l(i)?
-3
Let l(v) = 0*v**3 + 2*v**3 - 10*v**3 - v**3 + 7*v**3 + 1 + 46*v**2. Determine l(23).
1
Let z(n) = 20*n**3 - 56*n**2 + 23*n - 32. Let i(c) = -7*c**3 + 19*c**2 - 8*c + 11. Let l(t) = 17*i(t) + 6*z(t). Calculate l(13).
21
Let f(l) = -l**3 + 5*l**2 + 8*l - 11. Let a be f(6). Let k = -7 + a. Let s(v) = v + 7. Calculate s(k).
1
Let c(z) = -15*z + 39*z - 12*z - 4 - 14*z. Determine c(-3).
2
Let a(y) = -22*y + 35 + 19*y + y**2 - 32. What is a(2)?
1
Suppose -d + 10*o - 5*o - 3 = 0, o = 0. Let p(f) = -10*f - 9. Let k(m) = m + 1. Let w(s) = 6*k(s) + p(s). What is w(d)?
9
Suppose 4*c - 2*c = 3*b + 20, -4*b = 4*c. Let w(d) be the third derivative of 1/24*d**c + 0 - 1/6*d**3 + 0*d + 17/60*d**5 - 10*d**2. What is w(1)?
17
Let o(n) = n - 4. Let j(a) = -2*a**2 + 8*a + 5. Let p be j(5). Let b be 4/2 - (0 + 2) - p. Calculate o(b).
1
Suppose 0 = 5*c + 2*j - j - 93, 2*j = -5*c + 96. Suppose -4*i = 2*g - 2*i + c, 5*g + i = -45. Let h = -4 - g. Let p(z) = z**3 - 5*z**2 + 5. What is p(h)?
5
Let g(d) = d**2 + 4*d + 2. Let b = 1338 - 1344. What is g(b)?
14
Let h(l) = -l**3 - 5*l**2 + 5*l - 1. Let z(g) = -g**3 - 5*g**2 + 4*g - 1. Let p(q) = 5*h(q) - 6*z(q). Let b = 262 - 267. What is p(b)?
-4
Let s(g) be the second derivative of 1/20*g**5 + 0 + 1/3*g**3 + 0*g**2 + 1/3*g**4 + 10*g. Calculate s(-2).
4
Suppose 4*y + 5*g - 40 = 0, -2*y - 2*y + 16 = -g. Let q(h) = 8*h - 28*h + y + 10*h + 9*h. Let v = 0 - -5. Determine q(v).
0
Let n(z) be the second derivative of 0 + 25*z + 1/2*z**4 - 3/2*z**2 + 1/6*z**3 - 1/20*z**5. Calculate n(6).
3
Let z(c) = c**3 + c + 7. Let i = -30 + 30. Suppose -2*u - 8 = -4*h - i*u, -u = -2. Suppose -y = -h*y. Determine z(y).
7
Suppose 5*t + 4*m = 16 + 16, 4*t = 4*m + 4. Suppose t*v + 8 = -8. Let h(j) = 2*j + 4. What is h(v)?
-4
Let r(d) be the second derivative of -7/12*d**4 - 1/3*d**3 + 7/2*d**2 + 0 + 22*d + 1/20*d**5. Let b = 7 - 0. Calculate r(b).
-7
Suppose 21 = -0*k + 7*k. Let q(v) = 5*v**2 - 4*v**3 - v**2 + k*v**3 + 5 - 4*v - 3. Give q(4).
-14
Suppose -h + 2*y + 4 = h, 3*y = h. Let r(o) = o**h + 4 + 2*o - 13*o - 9*o**2 + 0. Calculate r(10).
-6
Suppose 14 = -2*p + 12. Let x(d) = -d - 2. Let o(s) = s + 1. Let u(k) = -10*o(k) - 5*x(k). Give u(p).
5
Let w(z) = 3*z + 6. Let p be (-30)/10*1 + 7. Let h be 4/14 + 393/21. Suppose p*q + h = -5. Give w(q).
-12
Suppose -16 = 4*z, 0 = -4*f - 8*z + 3*z - 44. Let r(x) = -x**2 - 6*x - 4. Give r(f).
-4
Let c(r) = 4*r + 5. Let z = -16 + 17. Let u be (z/3)/(1/(-9)). Let b be c(u). Let s(i) = -i**3 - 6*i**2 + 7*i + 9. What is s(b)?
9
Suppose 4*o + 5*a - 2*a + 6 = 0, 2*a + 4 = 2*o. Let l(s) = -3*s**3 - 3*s. Let b(r) = r**3 + r - 1. Let f(j) = -2*b(j) - l(j). Give f(o).
2
Let h(j) = -5 + j**2 + j**2 - j**3 + 5*j**2 - 4*j. Let p(u) = u**3 + 5*u**2 - 2*u - 18. Let g be p(-3). Calculate h(g).
7
Let d(x) = 272*x - 3*x**2 + 5 - 6 - 11 + x**3 - 279*x + 6*x**2. Give d(-4).
0
Let t(k) = -7*k - 13 + 15 - k**2 + 1. Suppose 0 = -3*h - 4*v + 77, -h - 3*v = v - 31. Suppose 3*w = -h + 8. Give t(w).
13
Let k(x) = 22*x - 3. Let j(z) = -37*z + 6. Let b(n) = -3*j(n) - 5*k(n). What is b(16)?
13
Let i(t) = -13*t**2 - 7*t - 17. Let g(a) = 6*a**2 + 3*a + 7. Let l(m) = 9*g(m) + 4*i(m). Calculate l(-2).
5
Let n(f) = 10*f - 11 - 14*f + 8*f. Let h(z) = -11*z + 32. Let a(y) = 6*h(y) + 17*n(y). What is a(-5)?
-5
Let v = 16 + -27. Let g(h) = h + 9. Let a be g(v). Let b(n) = -n**3 - 2*n**2. Give b(a).
0
Let u be 0/4*(-1)/2. Let s(b) = b + 7. Determine s(u).
7
Let d(r) = r**2 + 11*r + 7. Let s be d(-11). Let a = s + -7. Let b(u) = 1 + a*u**2 - u**2 - 3. Give b(-2).
-6
Let d = 1691 + -1671. Let r(g) = g**3 - 19*g**2 - 20*g - 3. Calculate r(d).
-3
Suppose 5*y = 3 + 7. Let a be (-368)/96 - y/12. Let k(s) = -s**3 - 5*s**2 - 5*s + 2. Calculate k(a).
6
Let l(w) be the third derivative of w**6/120 - 7*w**5/60 - 5*w**4/12 + 10*w**3/3 + 29*w**2 - 1. What is l(8)?
4
Let q(i) = -i**2 - 4*i - 2. Let p = 5 - 3. Let l be p - 1 - (8 - 10). Suppose 0 = -l*w - 2*w - 15. Calculate q(w).
1
Let s be (-20)/(-3 + 2 - 1). Let q = s - 10. Let m(o) = o + 6. Determine m(q).
6
Let m(p) = p**2 - 9*p**2 + p**3 - 2 + 3. Suppose 0 = 4*c + g - 30, 3*g + 46 = 6*c - c. Determine m(c).
1
Let s(p) = -4*p**2 + 5*p + 12. Let u(q) = q**2 - q. Let t(y) = -s(y) - 5*u(y). Let l be (-3 - -3) + 13 + -3. Suppose 10*b = 5*b + l*b. Determine t(b).
-12
Let u(w) = 2 + 12 + 15 - 27 - 2*w + w. Calculate u(4).
-2
Let k(v) = -v + 8. Let r(a) = -20*a + 135. Let b(h) = -35*k(h) + 2*r(h). Give b(-8).
30
Suppose 4 = -4*l, -l = 5*w - 1 - 8. Let y(x) = -5 + 2*x**3 - 5*x**w + 10 - 3*x**3 + 0*x**3 - x. Let v be 2 - -1 - 1 - 6. Determine y(v).
-7
Suppose -4*z = -0*z - 2*n, -z = -n - 2. Let c = -4 - z. Let i be -3 - (4 + (c - 1)). Let o(s) = -s**2 - 3*s + 5. What is o(i)?
1
Suppose 0 = 2*i + 15*i + 17. Suppose 0 = a - 4*a + 30. Let y(x) = 0 - 1 + 2 + a*x. Calculate y(i).
-9
Let j(x) be the first derivative of -3*x**2/2 - 8*x + 2. Let y(g) = g + 1. Let h(c) = -j(c) - 4*y(c). Give h(4).
0
Suppose -5 = u - 0. Let g(o) = 3*o**2 + o**2 - 117120*o - 1 + 117117*o + o**3. Determine g(u).
-11
Suppose -4 = -4*x + 4*c, 4*c - 59 + 15 = -4*x. Let z = 10 + 11. Let a(q) = -z - q**3 + 43 - 5*q - 18 + x*q**2. Determine a(5).
4
Let w(q) = -q**3 + 7*q**2 - 5*q + 4. Suppose -158 = 9*n - 203. Calculate w(n).
29
Let b(k) = k**3 - 5*k**2 + 4*k - 5. Let y(q) be the second derivative of 0 + q**3 + 1/12*q**4 - 11*q + 2*q**2. Let r be y(-6). What is b(r)?
-5
Suppose 4 + 3 = 5*f - v, -25 = -5*f - 5*v. Suppose -2*o - 2 = f. Let y(b) = -52 - 5*b + 52. Give y(o).
10
Let g(d) be the first derivative of d**4/4 - d**2 + 6*d + 52. Determine g(0).
6
Let g(y) = -y**2 - y - 5. Let z(m) = 5*m**2 + 4*m + 21. Let n(j) = -9*g(j) - 2*z(j). Let k(h) be the first derivative of n(h). What is k(-1)?
3
Suppose 0 = -2317*h + 2312*h. Let g(r) = -2*r + 1. Give g(h).
1
Let p(m) be the third derivative of -m**4/12 + m**3/3 - 3*m**2 - 22*m. Suppose -2*w + 7 = 3*i, 5*w + 5*i - 13 = 2*i. Determine p(w).
-2
Let a(i) = -2*i**2 - 2*i - 1. Let c = -115 - -114. Determine a(c).
-1
Let g(v) be the second derivative of 1/2*v**4 - 1/20*v**5 - 22*v + 3*v**2 + 0 - 2/3*v**3. Give g(6).
-18
Let b be 14/21 + 13/3. Suppose -t = b*z - 4, 3*z - 4*t = t + 8. Let d be 3/z + 3/(-1). Let k(n) = n**3 + n**2 + n - 8. Determine k(d).
-8
Let m(j) = -4*j + 1. Let a = 10 + -11. What is m(a)?
5
Let b(a) = 2*a - 8. Let p be b(6). Let d be p/(-12) - 22/(-3). Let n(m) be the first derivative of m**3/3 - 4*m**2 + 6*m + 439. Calculate n(d).
-1
Let g(f) be the third derivative of 1/60*f**5 + 0 + 7/3*f**3 + 0*f - 11*f**2 - 1/2*f**4. Determine g(11).
3
Let p(d) = -d**3 - 6*d**2 - 13*d - 84. Let j be p(-6). Let r(u) = -u - 8. What is r(j)?
-2
Let g = 2 - 5. Let b = g + -3. Let z(m) be the second derivative of m**3/6 + 9*m**2/2 - 10*m. Calculate z(b).
3
Let o(f) be the first derivative of -4*f**3/3 - f**2 + f + 43. What is o(1)?
-5
Let k(v) be the second derivative of -v**6/120 + v**5/60 - v**4/6 + 26*v. Let b(s) be the third derivative of k(s). Determine b(-3).
20
Suppose 7 = -5*j + 3*c + 10, j - 1 = c. Let a(u) be the second derivative of j + 1/6*u**3 + 0*u**2 + 2*u - 1/12*u**4. What is a(2)?
-2
Let n(d) = -11*d + 4*d + 9*d + 3*d + 1. Give n(-4).
-19
Let a(d) = 3*d**3 + 3*d**3 - 8*d**3 + 1 + d. Let t be a(-1). Suppose r - 7 = -3*x, -2*r = t*r - 4*x - 28. Let i(l) = l - 2. Calcu